6 + (19 - (2 - -39))?
-28
Evaluate -51 + (15 + 0 - 25) - (-34 - -16).
-43
What is 118 + -53 + -157 - -80?
-12
What is the value of 237 - 214 - (0 + 4 + -3 - 3)?
25
19 - 10 - (-4 - -1 - (-60 + 5))
-43
What is (-2 - -4) + (1 - (-7 + (10 - 10)))?
10
What is 8 + -3 + 9 + -44 + 11 + -9?
-28
(16 - 0) + (-9 - (-5 - -7)) + 8 - 9
4
Calculate -15 - 11 - -15 - -5 - -4 - 21.
-23
-19 + 3 - (16 - (12 - (8 - (-6 + 12))))
-22
Calculate (1 - 0 - -15 - -2) + -10443 + 10392.
-33
79 - ((-22 - -19) + 20) - 0 - 16
46
Calculate -1 + 22 - (-93 + 0 + 21).
93
What is 6 - -32 - (4 + 16) - 1?
17
Evaluate (-1 - (0 - 2)) + -33 + (-251837 - -251845).
-24
(9 - (-36 + 1 + -3)) + 0 - (21 - 13)
39
Calculate 32 - (46 + -31 - -22).
-5
What is the value of (1 - -4 - -63) + (-62 - (-60 + -11))?
77
-91 - (-28 - -50 - 29 - 27)
-57
12 + (-192 - -201 - (61 + -3))
-37
What is -1487 - -1514 - (-1 - 12)?
40
20 + 12 + 41 + -32
41
What is 18 + 2 + -19 + 16 - 53?
-36
Calculate (-11 + (-1 - 1) - (1782 - 1778)) + 5.
-12
Calculate -147 + 143 + (81 - ((4 - -5) + -8)).
76
Calculate 14257 + -14430 + (72 - 0).
-101
What is the value of (-106 - -158) + -66 + (46 - -1)?
33
-1 + 6 + (0 - 1) - (478 - (54 - -338))
-82
What is the value of -6 - (-4 - (1 - 6)) - (17 - 5)?
-19
What is the value of -3 + 12 - -84 - (26 + -9)?
76
What is the value of -41 - ((-16 - (34 + -47)) + 64)?
-102
Evaluate 21 + -52 + -1 - (13 + 0 + -5 + 4).
-44
What is 92 + -268 + 81 + 59?
-36
Calculate (1 - 79) + (2 + 1 - (140 + -139)) - 9.
-85
Calculate 87 + -55 + -10 + 29 + 22 + (-1 - 6).
66
0 - (3 + -3 + (54 + -19 - 20) + -18)
3
Calculate -5 - ((2 + -4 - -10) + -37 - -12).
12
54 - ((-98 - -106) + (1 - -5) + -1 - 27)
68
What is the value of 74 + (-1 + 13 - (36 + (-49 - -20)))?
79
Calculate (126 + 2 - (-2 + 3)) + -22 + (101 - 79).
127
Calculate (0 + -2 - -4) + -3 + 15114 + -15117.
-4
Evaluate -70 + (-26 - (-27 + -6)) - -36.
-27
(-15 - -3) + 70 + -66 + -19 + 3
-24
87 + -75 + (-63 - (7 - 1)) + 8
-49
What is the value of (1869 - 1853) + 0 + 9 - 16?
9
-46 + 52 - (40 + -1) - (-12 + 7)
-28
What is 27 + -5 - (-244 + 243) - 43?
-20
Evaluate -2 - -4 - ((-37 - -61 - -4) + (-16 - 0)).
-10
16 + -17 + 13 - 6 - (3 - -9)
-6
What is the value of -3 - 0 - (48 - (-28 - -141)) - 7?
55
What is -52 - (28 + 55 + -60)?
-75
What is (120 - (169 + -123)) + -2 + 3 + 17?
92
What is the value of 44 + (-148 - 9) + 1 + -11?
-123
Evaluate 36 - (77 - 12) - 18.
-47
What is 73 + -98 + 38 + (-1 - 1 - 51)?
-40
6 + 83 + (-161 - 34)
-106
(4 - (-3 + 14)) + (7 - (4 - (-9 + 20)))
7
Calculate (-80 - -95) + (-1 - (-4 - -23 - 5)).
0
What is the value of 0 + (8 - 21) + (211 - 252)?
-54
77 + (1302 - 1314 - (-2 - (-2 - (-16 - 3))))
84
What is the value of 35 + (-51 - -26) - (-12 + 0)?
22
What is 19 + 24 + -48 + -39 - (-6 + -1)?
-37
Calculate 8 + -12 - (67 - 67 - (2 - 2 - 53)).
-57
What is 132 + -180 - (-6 + -4 - -3)?
-41
Evaluate -14 + (-66 - -37) + 13.
-30
Evaluate 1 + 3 + (14 - (29 + -28)).
17
What is the value of (-672 - -667) + -108 + 1 + (-2 - -2)?
-112
What is 19 + 12 - 96 - -16 - (0 + 0 - 7)?
-42
55 - ((13 - 44 - -27) + 19)
40
Evaluate (-3 - 1) + (-43 - -3 - -42).
-2
Evaluate (-1 - 12) + 2 + -23 + 14 + -8 + 24.
-4
Evaluate 21 - -30 - (-24 - -78).
-3
-177 + 155 - (-21 - 14)
13
Calculate -30 + (8 - -26) + 0 + 2 + -2 - 57.
-53
8 + (5 + -25 - -42 - -23)
53
What is 17 + 2 - (-70 - -40 - -58)?
-9
What is the value of -44 + 20 + 21 + (5 - 9) + -107?
-114
-13 - (20 - 67) - (10 + -8 - (0 - -11))
43
13 - (2 + 3 - (42 - 47) - -29)
-26
Calculate -88 + 6 + 49 - 4.
-37
What is the value of (25 - (53 - 25)) + -7 + 7 - (-25 - -1)?
21
-1 + -17 + (-15 - (-323 + 315 + (0 - -3)))
-28
Calculate (83 - 20 - 11 - -5) + -2.
55
Evaluate 150 - (-48 - -193) - (30 - (-1 + 2)).
-24
21 + -18 - (297 - 304)
10
Calculate -20 + (28 - 8) + 22 - 4.
18
What is the value of (26 - 13) + 59 + (0 - 4) + -10?
58
Evaluate (13 - -1) + 27 + 5.
46
What is the value of (-31 - 6) + 4 + 36?
3
Evaluate (6 - 3) + 17 - (-348 - -384).
-16
Evaluate 50 + (-61 - 0) + -45.
-56
What is the value of 2 - 94 - -3 - (-2058 + 2042)?
-73
Calculate 25 - (-1 - (-7 + 22) - -95).
-54
Evaluate (143 - 1) + (-18 - 7 - -1) + 13 - -1.
132
Evaluate (44 - 19) + (19 - 39) + (-2 - (-19 - 2)).
24
Calculate 45 - (20 + (20 - -22)) - (1 - -3).
-21
Calculate 12 + -1 + 12 + (-5 - 11) + -7.
0
-18 - (0 - 0) - (2902 + -2915) - 0
-5
What is the value of -377 + 361 + (100 - 0 - (1 + 6))?
77
What is -75 + 69 - -3 - (-2 + 3 + -1)?
-3
What is (8 - (4 + -3 + (-8 - -14))) + 50?
51
15 + -9 + (-32 - 5) - -4
-27
Evaluate -45 + 2 - (-12 + (-22 + 15 - -13)).
-37
What is the value of -1 + ((2 - -2) + 1 - -15) + -91?
-72
Evaluate -1 + -21 + -26 - (-32 + -8).
-8
What is -40 + -31 + 102 - 68?
-37
What is 2 + -1 - 0 - (-6200 + 6219)?
-18
What is -110 + 3 + (46 + -14 - ((14 - -24) + -20))?
-93
What is the value of (-2 - -1 - 1) + 32 + 30 + (-15 - 4)?
41
1 - (15 + (-5 - 13)) - 35 - (-1 + 3)
-33
Calculate 7 - (-2 - -5 - -21).
-17
Calculate -7 + 3 + 5 + 30 + (-148 - -143).
26
What is 20 + -60 + 42 - 22?
-20
Calculate (80 - 55) + (-4 - (-2 - 0)) + 11.
34
What is the value of -36 - 0 - (-20 + 84 - 169)?
69
Calculate 104 + -184 + (11 + 21 - 0).
-48
What is (0 - 31) + (-32 - -24 - (39 - 49))?
-29
Calculate -22 + (-7 - (36 + -53)).
-12
What is -17 + -53 + (-6 - -25 - 10) + -5?
-66
Calculate 44 + -136 - 10 - -11.
-91
Calculate -8 + (-2 - (-13 - -20)) - 0.
-17
What is 8 + 5 + -4 + 2 - (13 - (-18 - -131))?
111
10 + (15 + 18 - -21) - (19 - 29)
74
9 - -3 - ((-22 - (-85 - -6)) + -8 + 0)
-37
What is the value of 127 + (-59 - -38) - 126?
-20
What is -6 - (-19 - -1 - -44)?
-32
Calculate (-5 - (9 + (-5 - -3)) - 63) + (3 - -2).
-70
7 - (-8 + -5 + 2 + 9) - -19
28
What is the value of -67 - (-4 + (18 - (52 - (-3 + 28))))?
-54
What is -54 - (17 - 24 - (-3 + 8) - -2)?
-44
-4 + (9 - 1) + 1 - (24 + (5 - 28))
4
Calculate 1 + -117 + (17 - (-51 - -58) - 7).
-113
Calculate (3 - -9) + (28 - 15 - 15 - -10).
20
Calculate (-1 - -19) + (-16 + 84 - -5) + -170.
-79
Evaluate 86 + (1 - 4) - (25 - (1 + 31 + 1)).
91
Evaluate -60 - (-6 + 7 + -30).
-31
(-23 - (10 - 9 - 0)) + 83
59
Calculate 176 + -279 + 90 + -2 + -2.
-17
20 + (7 - (14 + (-9 - -34)))
-12
What is 2 - (10 - -4 - -2 - 6) - 44?
-52
Evaluate 3 - (22 + (7 - (12 + -3) - -8)).
-25
What is the value of -3345 + 3414 - (138 - 2)?
-67
Calculate 0 - (11 + 1) - (-69 - -208 - 255).
104
Evaluate 13 - (23 + -51 + 17) - 16.
8
(-80 - -62 - (-14 - 10 - -3)) + -4
-1
What is the value of -9 - (30 + -9 + 1 + 21)?
-52
What is -2 - (-3 + 9) - (2 - 80) - (-21 + 27)?
64
What is -71 - (-2 - (-12 + 29 + -4)) - (-1 + 8)?
-63
Evaluate 12 - (52 - 49) - (46 - 1).
-36
What is -56 + -1 + (-12 - (-1 + (9 - 30)))?
-47
Calculate 5 + -12 + (-13 - (-27 - 0)) + -51.
-44
Calculate (24 - 6) + 7 + 0 + -10.
15
What is (34 - 17) + (-33 - -40) + -17?
7
Evaluate (5 - 57) + (38 + 7 - 56).
-63
What is the value of 1 - (1 + -1 + 0) - (41830 + -41838)?
9
What is -26 + 101 + -31 - ((-9 - -2) + 15)?
36
What is the value of (-132 - (-61 - -15)) + 30?
-56
What is the value of -39 + 26 + 14 - (-15 - -7)?
9
Calculate (3 + -3 - (-11 + 8)) + (166 - 158).
11
18 + (-212 - -121) + 112
39
Calculate (-3 - -12) + -5 + -9 + (-21 + 11 - 4).
-19
Calculate (-13 - (2 + -4 + -2)) + (-67 - -32) + 6.
-38
What is the value of 963 + -895 - (0 + 4 + 22)?
42
Evaluate -5 + -1 - ((-6 - 0) + -538 + 544 + 23).
-29
What is the value of 2 + 7 - (81 - 20 - -38)?
-90
Evaluate -22 - (-6 - (-56 + 108)).
36
33 + -17 + -26 + 31 - 0
21
What is (125 - 4) + (-280 - -73)?
-86
What is the value of 4 + (10 - (-9 + 4 - -14)) - -20?
25
(-9 + -8 - ((-3 - 7) + 5)) + 7
-5
What is the value of 146 + -68 - 48 - (2 + -21)?
49
(-7 + -10 - -47 - (16 - 5)) + 2
21
What is -116 - (-96 + -70 + 62)?
-12
What is the value of (-36 - -5) + (-401 - -381)?
-51
What is (13 + -18 - -4 - 0) + -15 + 8?
-8
What is the value of 23 - (-12 + (2 - -33) + -12 + -15)?
27
Evaluate -25 - (-190 - -127 - (3 - 6)).
35
Evaluate -11 + 2 + (1151 - 1119).
23
Calculate -40 + 5 + (482 - 493).
-46
0 - ((-3 - (3 + -14)) + -15) - -39
46
Evaluate (-39 - -27 - 1) + (7 - 1 - -4).
-3
What is the value of -29 + 17 - (-110 + (39 - 36 - (-2 - 0)))?
93
67 + -62 - (15 - 12 - (15 - 2))
15
Calculate -8 - (8 - (3 + (6 - 18 - 0) + 3)).
-22
What is the value of -196 + 54 + 35 + 47?
-60
What is the v